Is 232031 composite?
True
Is 17534039 a prime number?
False
Is 192732403 prime?
True
Is 151051351 a composite number?
True
Is 105041 a composite number?
True
Is 21528827 prime?
True
Is 26066069 composite?
False
Is 47954531 a composite number?
False
Is 41040821 a prime number?
True
Is 32715407 a prime number?
False
Is 3438181 a prime number?
False
Is 6909613 composite?
False
Is 1812379 prime?
True
Is 2882903 a composite number?
True
Is 8235013 a composite number?
False
Is 4026149 a prime number?
True
Is 161659 composite?
False
Is 5368831 composite?
True
Is 375703 a composite number?
False
Is 3314431 a prime number?
False
Is 9731387 a composite number?
False
Is 199991347 a prime number?
False
Is 66834214 prime?
False
Is 25283611 prime?
False
Is 174817091 prime?
False
Is 22810169 a composite number?
True
Is 20897611 composite?
True
Is 871893169 a prime number?
False
Is 128722931 composite?
False
Is 5295153 a prime number?
False
Is 9768971 composite?
False
Is 60107003 prime?
False
Is 5611043 a prime number?
True
Is 2005939 a prime number?
False
Is 422784991 prime?
False
Is 31022987 composite?
False
Is 383647 composite?
True
Is 4338293 composite?
False
Is 50231161 prime?
False
Is 6091873 a prime number?
False
Is 32116291 composite?
True
Is 2524369 a composite number?
False
Is 2425193 a prime number?
True
Is 6227957 a composite number?
True
Is 1518773 a prime number?
True
Is 358293557 composite?
True
Is 35046269 composite?
True
Is 9692153 a prime number?
False
Is 13594547 a prime number?
True
Is 6857581 a composite number?
False
Is 31465751 a prime number?
False
Is 1084157 a prime number?
True
Is 11427701 prime?
False
Is 2766917 prime?
True
Is 142778639 a prime number?
False
Is 4006913 a composite number?
False
Is 62239919 a composite number?
True
Is 1363151 a composite number?
False
Is 12110159 prime?
False
Is 2880833 composite?
True
Is 1910567 composite?
False
Is 24144083 a prime number?
True
Is 36137167 prime?
False
Is 14568149 prime?
False
Is 59898161 prime?
True
Is 19953173 composite?
True
Is 39451198 a prime number?
False
Is 38094821 a composite number?
True
Is 355081393 prime?
True
Is 32573063 composite?
True
Is 50205871 composite?
False
Is 10781021 a composite number?
False
Is 57398491 composite?
False
Is 2123617 prime?
True
Is 110182313 a composite number?
True
Is 7811747 a composite number?
False
Is 19411933 composite?
True
Is 622689 a prime number?
False
Is 985549 a composite number?
True
Is 49383647 a composite number?
True
Is 7951679 a prime number?
True
Is 12826669 a composite number?
False
Is 9441551 a composite number?
True
Is 5554081 prime?
False
Is 176297321 composite?
False
Is 9693623 a composite number?
False
Is 3096545 a prime number?
False
Is 47691971 prime?
False
Is 4028137 a prime number?
True
Is 4296979 composite?
False
Is 20845579 a prime number?
True
Is 727241 a composite number?
False
Is 652904677 a prime number?
True
Is 58521517 a prime number?
False
Is 13725931 a prime number?
True
Is 7760822 a composite number?
True
Is 1010567 a composite number?
False
Is 152475287 a composite number?
False
Is 1167833 a prime number?
True
Is 52985501 a composite number?
True
Is 864107 prime?
True
Is 10833703 composite?
True
Is 16299353 a prime number?
False
Is 1299373 a prime number?
False
Is 1630491 a prime number?
False
Is 156403165 composite?
True
Is 709914691 a prime number?
True
Is 9692843 composite?
True
Is 28691651 a prime number?
True
Is 18193831 a composite number?
False
Is 626830489 prime?
False
Is 314166533 composite?
True
Is 619107 a composite number?
True
Is 1631081 composite?
True
Is 111995401 a composite number?
True
Is 8003741 a composite number?
False
Is 7681307 a prime number?
True
Is 230611 prime?
True
Is 13403499 prime?
False
Is 131188997 prime?
True
Is 4165451 composite?
False
Is 3400733 a prime number?
False
Is 70039997 a composite number?
False
Is 50596523 prime?
False
Is 42746413 composite?
True
Is 73954019 a prime number?
True
Is 11736623 a composite number?
True
Is 342553633 a composite number?
False
Is 82169 prime?
False
Is 5302367 a composite number?
True
Is 644440153 prime?
False
Is 1537799 a composite number?
False
Is 191155919 a prime number?
True
Is 14998487 prime?
False
Is 81721691 a prime number?
False
Is 254729 composite?
False
Is 47660827 a prime number?
True
Is 7293257 a prime number?
True
Is 267250402 a composite number?
True
Is 13898399 a composite number?
True
Is 2870269 prime?
True
Is 2868289 prime?
True
Is 264249329 composite?
True
Is 1900837 a prime number?
False
Is 26576039 prime?
False
Is 612713 a composite number?
False
Is 1470927 prime?
False
Is 6627343 a composite number?
False
Is 2825699 prime?
False
Is 12717491 prime?
True
Is 25957289 a prime number?
True
Is 180493 prime?
False
Is 395081 a prime number?
False
Is 7988777 a composite number?
True
Is 929003 prime?
True
Is 368306 prime?
False
Is 4275431 a prime number?
False
Is 245575849 a composite number?
False
Is 2363162 composite?
True
Is 1254701 a composite number?
True
Is 22756189 a composite number?
True
Is 1197739 a prime number?
True
Is 4893929 a prime number?
False
Is 259863067 prime?
False
Is 19893749 composite?
False
Is 35851783 a prime number?
False
Is 92253107 prime?
True
Is 11483917 a prime number?
False
Is 19279697 a prime number?
True
Is 10769867 composite?
True
Is 71156431 a composite number?
True
Is 113251627 prime?
False
Is 13266383 a prime number?
False
Is 27426995 composite?
True
Is 16409083 a composite number?
False
Is 112892083 a prime number?
False
Is 3781847 composite?
True
Is 7367669 a prime number?
True
Is 97405831 a prime number?
False
Is 20126773 prime?
False
Is 10249763 composite?
True
Is 4162541 prime?
False
Is 47282639 a prime number?
True
Is 25816201 a composite number?
False
Is 7835741 a prime number?
True
Is 38304037 composite?
True
Is 17282849 a prime number?
True
Is 4583627 prime?
True
Is 2513327 a prime number?
True
Is 8296403 a prime number?
False
Is 963209 prime?
False
Is 5645747 composite?
True
Is 8755699 a prime number?
True
Is 123873499 composite?
False
Is 92628533 a composite number?
False
Is 1751017 prime?
False
Is 23016547 composite?
True
Is 205288537 a composite number?
True
Is 237343853 composite?
False
Is 2830822 prime?
False
Is 1334539 a prime number?
False
Is 2167949 composite?
True
Is 1756757 a composite number?
True
Is 57482489 prime?
True
Is 33420217 composite?
False
Is 28589017 a prime number?
True
Is 19744343 prime?
True
Is 2623791 a prime number?
False
Is 10436081 a prime number?
True
Is 6410791 prime?
False
Is 124398611 composite?
False
Is 5438957 prime?
False
Is 379503217 a prime number?
True
Is 421109441 composite?
False
Is 12612337 a prime number?
False
Is 1288055 composite?
True
Is 1526351 a composite number?
False
Is 379923 prime?
False
Is 22532911 prime?
True
Is 10561543 prime?
True
Is 89573729 a prime number?
False
Is 39877973 a prime number?
True
Is 60834745 a prime number?
False
Is 59835106 composite?
True
Is 40767919 a composite number?
False
Is 14121623 prime?
True
Is 11406621 composite?
True
Is 455134711 prime?
True
Is 19236757 a composite number?
True
Is 5132741 a prime number?
True
Is 12483357 a prime number?
False
Is 291892201 composite?
False
Is 14717249 prime?
False
Is 149007107 a prime number?
True
Is 211933507 composite?
False
Is 771355771 composite?
False
Is 3457763 a composite number?
False
Is 305343485 a prime number?
False
Is 1175809 prime?
False
Is 7458989 prime?
True
Is 206947927 a composite number?
True
Is 91015019 prime?
True
Is 2678519 prime?
True
Is 4313483 a composite number?
False
Is 4485007 a composite number?
True
Is 685961 composite?
True
Is 15412517 composite?
False
Is 100630457 composite?
False
Is 608161 a composite number?
False
Is 2347087 a prime number?
False
Is 100945877 prime?
True
Is 3831043 prime?
True
Is 48424999 a composite number?
True
Is 8146553 composite?
True
Is 354273229 a composite number?
True
Is 13115981 prime?
True
Is 59952767 prime?
False
Is 174006647 prime?
True
Is 14295571 composite?
True
Is 651752981 composite?
True
Is 90713351 a composite number?
False
Is 13997407 prime?
True
Is 7277471 prime?
True
Is 61294069 composite?
True
Is 5250769 prime?
False
Is 440504879 prime?
True
Is 909443 a composite number?
True
Is 1589267 